 2*d = -1396, 3*d = 3*m + 4*d - 1391. What is the remainder when m is divided by 39?
33
Suppose 6*c + 49 - 67 = 0. Let l = c - -57. Suppose 0 = -7*k + 2*k - w + 109, -2*k + 54 = 3*w. Calculate the remainder when l is divided by k.
18
Let b(s) = 3*s + 13. Suppose 4*m + 3*p + 214 = 0, -5*m - 3*p + 5*p - 256 = 0. Let d = m - -49. Calculate the remainder when 17 is divided by b(d).
1
Calculate the remainder when ((-158)/4 + 2)*(-238)/21 is divided by 128.
41
Let v = 11511 + -7192. Calculate the remainder when v is divided by 149.
147
Let l(t) = -209*t - 2199. Calculate the remainder when 268 is divided by l(-11).
68
Suppose 183 = 5*m + 2*d, 5*m + 3*d - 290 = -103. Suppose -383*x = 836*x - 235*x - 239112. Calculate the remainder when x is divided by m.
33
Let l(n) = 12*n - 11. Suppose -28*r = -73*r + 90. What is the remainder when l(8) is divided by r?
1
Let z = 1077 - 572. What is the remainder when z is divided by 63/9 - -14 - (-8 - -7)?
21
Let a = 20249 - 16533. What is the remainder when a is divided by 26?
24
Let z(b) = b**2 - b + 1. Let m be z(3). Suppose -3*f + 1 = c - m, -2 = -f. Suppose -c*o + 7 = -31. What is the remainder when o is divided by 5?
4
Let r = 4465 + -4442. Let d(t) = -46*t + 20. What is the remainder when d(-4) is divided by r?
20
Let u be 44/(-33)*258/(-4). Let q = 129 - u. Suppose -4*x + 2*x + 24 = m, -5*x = -4*m + 109. Calculate the remainder when q is divided by m.
17
Let z(y) = y**3 - 10*y**2 + 22*y - 4. Let m be z(7). Suppose 2*p = -5*a + 62, 2*a + 2*p = m*a - 10. What is the remainder when a is divided by 10?
2
Suppose -23*y - 4*v + 5972 = -19*y, -5*y + 6*v = -7410. What is the remainder when y is divided by 149?
147
Suppose -11902 = -42*n + 31*n. Calculate the remainder when n is divided by 35.
32
Let x(r) = r**3 + 21*r**2 + 20*r + 18. Let c = 14 - 9. Suppose 4*m + 85 = c. Calculate the remainder when x(m) is divided by 10.
8
Suppose -s - 5 = 3*z, -5*s + 4*z + 19 = 8*z. Suppose s*o = -18 + 39. What is the remainder when o/((-30)/115)*-6 is divided by 14?
13
Suppose -12*u = -14*u + 156. Calculate the remainder when u is divided by (3*(3 + -4))/(3/(-9)).
6
Suppose 116*g + 81*g - 43470 = 36*g. Calculate the remainder when g is divided by 69.
63
Let r(u) = u**3 - 7*u**2 + 18*u - 72. Let s be r(6). Suppose 4*g + 102 - 134 = s. Calculate the remainder when 79 is divided by g.
7
Let v be 2/9 - 2/18*-7. Calculate the remainder when 202 is divided by 2 + -6 - (2 + v + -10).
1
Suppose -244*i = -243*i - 59. Calculate the remainder when (-3064)/(-10)*25/10 is divided by i.
58
Suppose -4*h = -0*h + 16. Suppose -v + 184 = 175. Calculate the remainder when h/10 - (-957)/55 is divided by v.
8
Calculate the remainder when 4001 is divided by 3 + (-246)/(-4)*9/((-162)/(-12)).
41
Suppose -80*k + 3118 = -6*k - 16566. Calculate the remainder when 520 is divided by k.
254
Let x(s) = s**3 - 35*s**2 + 249*s - 119. Calculate the remainder when x(26) is divided by 8.
7
Suppose w = -3*w + k - 11, 0 = -w + 2*k - 8. Let a be w*219/(-2) - 3. Suppose -o - a = -4*o. What is the remainder when o is divided by 15?
12
Suppose -2*s = -2*n - 16, 3*s - 4*n = -2*n + 19. Suppose -s*h - 41 = -q, 2*q - 3*h - 46 = 21. What is the remainder when 44 is divided by q?
18
Let y(q) = 4*q**2 - 4*q - 15. Suppose -11*f + 16*f - 25 = 0. What is the remainder when y(f) is divided by 11?
10
Let l be (-1 + -4 - -1)/(-1). Suppose 4*z - 4*b = 48, -z = l*b + b - 24. Let o(n) = 16*n**2 - 3*n - 3. What is the remainder when o(-2) is divided by z?
11
Suppose 2 = -3*z + 4*w - 2, -3*z + 2*w + 4 = 0. Suppose 0 = f - z*f + 27. Suppose 612*o - 200 = 607*o. Calculate the remainder when o is divided by f.
4
Let v = -522 + 543. Suppose 0 = 4*h - 194 - 1786. Suppose 0*x - 2*x = -2*j - 338, -3*x - 3*j + h = 0. Calculate the remainder when x is divided by v.
20
Suppose -3*d + 9 = 0, 3*d - 8*d = -3*x + 69. Let p = 36 - 63. Calculate the remainder when x is divided by 2/(-6) + (-441)/p.
12
Suppose -13*j = 2*t - 15*j - 6, -5*j = -25. Suppose -d + 2*v + 10 = 0, 4*d + 3*v = 15 - t. Calculate the remainder when 30 is divided by d.
2
Suppose x - 4*s = -4*x + 2923, x - 577 = -3*s. Suppose 2*t = -2*v + 573 - 201, 0 = 3*v - 2*t - x. Calculate the remainder when v is divided by 64.
63
Calculate the remainder when (2 + -124 - 0)/(13/(-26)) is divided by 102.
40
Let v be (10/8)/((-2)/(-8)). Let a be 4/(-4) + (4 - 1). Suppose 0 = 3*k + v*z - 2, -a*k - k + z = -14. What is the remainder when 6 is divided by k?
2
Suppose 4*k + 236 = 5*n, -6*n - 2*k + 168 = -2*n. Let c(x) = -119 + 73*x - 131*x + 74*x. Calculate the remainder when n is divided by c(8).
8
Suppose 2*y - 25 = 5*a, 4*y - 24*a = -29*a + 95. Calculate the remainder when 335 is divided by y.
15
Suppose 0 = -2*w - 5*q + 8*q + 4812, -3*w - 3*q + 7188 = 0. Calculate the remainder when w is divided by 2394.
6
Suppose -6 = 2*k + 3*i, 2*k - k = -3*i - 9. Let p(h) = -7*h + 4. Let d be p(-4). Suppose 0 = k*z + z - d. Calculate the remainder when 38 is divided by z.
6
Suppose -319*g + 371*g - 62036 = 0. Calculate the remainder when 3587 is divided by g.
8
Let h be 10/(-7)*(12 + -19). Suppose h*g = 7*g + 63. Calculate the remainder when 187 is divided by g.
19
Suppose 4269*c + 18860 = 4279*c. What is the remainder when c is divided by 63?
59
Let a = -582 - -357. Suppose -o = -v - 8, 0 = -5*o - 5*v + 4 + 16. Calculate the remainder when 1 + 1254/45 + (-30)/a is divided by o.
5
Suppose -4*x - 3 - 1 = 0. Let l(m) = 5*m**2 - 40*m - 295. What is the remainder when x - -55 - (3 + 0) is divided by l(-5)?
21
Suppose -3*y - 5*t = -1389, -16*y + 2328 = -11*y + 4*t. Calculate the remainder when 1424 is divided by y.
20
Let o(p) = -p**3 - 6*p**2 + 14*p + 2. Suppose 4 = -3*v + 16, 5*v - 12 = -g. Calculate the remainder when 338 is divided by o(g).
14
Let o(j) = 7*j - 16. Let v be o(-7). Let g be 26/v + (-17)/(-5) + -1. Suppose d = 20 - g. What is the remainder when d is divided by 10?
8
Calculate the remainder when 1696 - (-17)/((-34)/18) is divided by 38.
15
Let x(a) = a**3 + 9*a**2 - 3*a + 5. Suppose 320 = -4*f + 248. What is the remainder when x(-6) is divided by 1*f/15*495/(-22)?
23
Let a(c) = 2*c + 7. Let h(x) = 4*x - 2. Let r be h(2). Let u(p) = -89*p - 2575. Calculate the remainder when a(r) is divided by u(-29).
1
Suppose -75*z = 79*z - 2618. Let y(w) = 81*w**3 + w**2 - 2*w + 1. Calculate the remainder when y(1) is divided by z.
13
Suppose -1326 = -36*z + 30*z. Let g = 48 + z. Calculate the remainder when g is divided by 54.
53
Suppose -1 = -l - 0*l. Let b be (-12)/6 - (-2 - l). Calculate the remainder when (b + (-1972)/(-12))*(-6)/(-4) is divided by 25.
23
Let f(s) = s**2 - 71*s + 1084. Calculate the remainder when 454 is divided by f(22).
4
Suppose -12*x + 2768 = 656. Calculate the remainder when x is divided by 23.
15
Let h = 1107 + -873. Let x = h - 219. Suppose 3*a + a - 98 = -2*y, 5*a - 5*y - 100 = 0. Calculate the remainder when a is divided by x.
8
Suppose -13*g + 4*g = -1755. Suppose -t + 8 = t, 234 = 5*z - 4*t. Calculate the remainder when g is divided by z.
45
Suppose 21 = 3*t - 9. Suppose 51*q = -u + 52*q + 377, 5*q + 1517 = 4*u. What is the remainder when u is divided by t?
8
Calculate the remainder when 9276 is divided by (-18)/45 - (408/(-5))/4.
16
What is the remainder when (-2)/66 + 6813245/6501 is divided by 61?
11
Suppose 2*d = -4*t + 2, -8*d + 2*t + 17 = -3*d. Suppose -d - 69 = -6*q. What is the remainder when 190 is divided by q?
10
What is the remainder when 122 is divided by ((5/1)/1 + 2717/(-494))*-142?
51
Let s be (-3*2 - 2)*-4. Suppose 3*a - 7*a + s = 0. Suppose -28 + 358 = 66*k. Calculate the remainder when a is divided by k.
3
Suppose 0 = -7*v + 156 + 89. Let y(i) = i**3 - 3*i**2 + 5*i - 9. Let l be y(3). Calculate the remainder when ((l + -2)/2 - -135)*1 is divided by v.
32
Let o(f) = f**3 - 55*f**2 + 93*f + 345. What is the remainder when o(56) is divided by 55?
54
Suppose -4*m + 16 = -8. Suppose 4*x + 5*y - 44 = 80, 5*y + 124 = 4*x. Let h = x + -20. What is the remainder when h is divided by m?
5
Suppose -5*g = 2*t - 706, -3 = -8*t + 7*t. Calculate the remainder when (-4)/(g/(-21)) + 5908/20 is divided by 11.
10
Let g be 0 + 0 - (-2 + -1). Suppose g*a = -q, -4*q - 4*a - 1 - 7 = 0. What is the remainder when 45 is divided by ((